he greatest common divisor of 88 and t.
11
Let v = 8011 + -6945. Calculate the greatest common factor of 130 and v.
26
Let f(z) = -23*z + 245. Let c = -48 + 58. Let b be f(c). What is the greatest common factor of 27 and b?
3
Suppose 24 - 6 = 3*k. Suppose 3*v = -2*d + 136, -v + 35 = 3*d - 22. Suppose k + v = 3*f. Calculate the greatest common divisor of f and 40.
8
Let l be 2/(-12) - 12656750/(-300). Calculate the highest common factor of l and 147.
147
Suppose 5805 = 5*k + n, -216*k + 220*k - n = 4635. What is the highest common factor of 40 and k?
40
Suppose 138 = 4*f + s - 29, -4*f - 3*s = -181. Suppose -5*y + 220 = d, 9*y = 4*y - 3*d + 220. What is the highest common divisor of f and y?
4
Let j be 0/(1/3 + 8/(-6)). Let u be 20/(-4) + 3 + j. Let x be (u/(12/(-21)))/(3/150). Calculate the greatest common factor of 25 and x.
25
Let p(u) = 35*u - 3 + 23 - 62*u + 35*u. Let m = -58 + 62. Let v be p(m). Calculate the highest common factor of v and 78.
26
Let f be 8/(-3)*330/(-11). Suppose -8*x - 15 = -9*x. Suppose -x*c + 13*c = -40. What is the highest common factor of f and c?
20
Let n = -4430 + 7081. What is the highest common divisor of 11 and n?
11
Let i be 568/(-12) + 1 + 2/(-3). Let g = i + 50. Suppose g*a - 49 = 83. What is the highest common factor of 4 and a?
4
Let f be 2091*((-2924)/1806)/((-2)/28). What is the greatest common factor of f and 164?
164
Let q(d) = -2*d**3 + 11*d**2 + 47*d - 92. Let i be q(7). What is the greatest common factor of i and 3330?
90
Let v(h) = 2*h. Let l be v(4). Let j(i) = i**2 - 19*i + 124. Let y = 806 + -794. Let r be j(y). What is the greatest common factor of l and r?
8
Let j = 23142 - 22670. Let f be ((-110)/4 - 2)*-2. What is the highest common divisor of j and f?
59
Let b(c) = 23*c**2 - 66*c - 188. Let d be b(-3). Calculate the highest common factor of 14 and d.
7
Let m(u) = u**3 + u**2 - 11*u + 492. Let y be m(0). What is the highest common divisor of 11070 and y?
246
Let d be 192/3 - (1 + -1). Let u(a) = a**2 + 30*a + 60. Let b be u(-28). Let f be (-3 - 20/(-4))*b. Calculate the greatest common divisor of d and f.
8
Let w be 167586/1272*2*2. What is the highest common factor of 153 and w?
17
Let i(y) = -4*y - 4. Let f be i(-5). Let a be 174/30 + 2/10. Suppose a*p - 4*j = 11*p - 200, p - 40 = -5*j. Calculate the highest common divisor of p and f.
8
Suppose 103 = 5*l + 13. Suppose 2*a + 2*a - 16 = 0. Suppose -2*q + 3*q - 5*t - 31 = 0, a*t = -q - 14. What is the greatest common divisor of l and q?
6
Let m(o) = -16*o**2 + 1. Let v be m(-1). Suppose 32*a = -1786 + 3162. Let z = a + v. Calculate the greatest common divisor of z and 56.
28
Let a be -1*(-40)/(-6)*-33. Let v = -149 - -153. Suppose 2*g = 2*i - 19 - 21, -v*g - 60 = -3*i. What is the highest common divisor of a and i?
20
Let h(a) = -3*a - 20. Let b be h(-10). Let d = -300 + 436. Suppose -4 - d = -2*o. Calculate the greatest common divisor of o and b.
10
Let z be (-26 + 26)*(-1 - -2). Suppose -4*k + 5*y + 2052 = -k, -5*k + 3*y + 3420 = z. Calculate the greatest common factor of k and 36.
36
Suppose 0 = 7*y - 7 - 35. What is the highest common factor of y and 8?
2
Let n(t) be the first derivative of -87*t**2/2 + 11*t + 63. Let i be n(-1). Calculate the greatest common divisor of i and 245.
49
Let x be ((-10989)/36)/((-5)/40). Suppose -127*y + x = -116*y. Calculate the greatest common factor of 12 and y.
6
Let b(m) = -3*m + 144. Let t be b(23). Let q = -122 + 227. What is the greatest common divisor of q and t?
15
Suppose -352 - 110 = -6*v. Let y = v - 50. Let s(p) = 75*p**2 + p - 1. Let q be s(-2). What is the highest common factor of q and y?
27
Suppose 4*i - 9*n - 164 = -10*n, -5*i + n = -214. Let q = -211 - -125. Let d be 5/(15/(-6)) - q. What is the highest common factor of i and d?
42
Suppose -2*o + 2*c = 7*c - 614, 2*c = -3*o + 888. What is the highest common divisor of 5913 and o?
73
Suppose -11*s = 2*s - 715. Let n = s - 48. Suppose -c - c = 2*g - 34, -2*c + 76 = 5*g. What is the highest common factor of g and n?
7
Let y = 62 - 59. Let x(b) = 6*b**3 - 11*b**3 + 5*b**2 + 2*b**y - b - 3 + 2*b**3. Let d be x(4). What is the highest common divisor of 18 and d?
9
Let k be -910*(-23 + (10 - -11)). Calculate the highest common factor of 6240 and k.
260
Suppose -36*f = -1142 - 1306. Calculate the highest common divisor of 969 and f.
17
Let m = -4061 + 4721. Calculate the highest common factor of 385 and m.
55
Suppose -26*b + 28*b + 278 = 5*v, -107 = -2*v + 5*b. Calculate the greatest common divisor of v and 994.
14
Let y = -10332 - -12922. Calculate the highest common divisor of y and 148.
74
Let w be (-1 - -1) + 6 + -540 + 6. Let y = w + 738. Calculate the greatest common divisor of y and 120.
30
Let b = 35 - 28. Suppose 3*d = -16 + 13. Let l be -2*1/((-1)/d)*-14. Calculate the greatest common divisor of b and l.
7
Suppose -3*c + 24*c + 8903 = 9491. What is the greatest common factor of c and 428?
4
Suppose 15 = 3*z - 6. Suppose 6*t + 630 = 12*t. Let f be (18/(-3))/((-10)/t). Calculate the highest common divisor of f and z.
7
Let k be 126*((-20)/3 + (-19 - -27)). What is the greatest common divisor of k and 189?
21
Let b = 137 + 31. Calculate the greatest common factor of b and 264.
24
Let d be 2008 - (-28 - -15 - -12). Calculate the greatest common divisor of 41 and d.
41
Let r = -159 + 601. Calculate the greatest common factor of 4 and r.
2
Suppose 2*b + 1102 = 4*g, -230 - 312 = -2*g - 2*b. Calculate the greatest common factor of 6850 and g.
274
Suppose -106*u + 286 + 43705 = -124231. Calculate the highest common divisor of u and 276.
69
Suppose -2*y = 3*y + 840. Let z be 6*((-98)/y + (-2)/8). Let g be 120/5 - 1/(1/z). Calculate the greatest common factor of g and 44.
22
Suppose -8480 = -6105*z + 6095*z. Calculate the highest common factor of z and 4346.
106
Let f = 5733 - 5723. Calculate the greatest common divisor of f and 126.
2
Let t be 5*8/20 - 0. Suppose t*h + 18 = 8*h. Suppose h*y + 0*y - 28 = -a, -2*a + 21 = -y. What is the highest common divisor of a and 65?
13
Let d = 7 - 7. Suppose 0 = -5*r + 2*z + 152, 10*z - 11*z = -5*r + 156. Suppose d = 5*s - 3 - r. Calculate the highest common divisor of s and 77.
7
Let y(q) = 2*q**2 - 4*q - 14. Let p be y(-2). Let i be 1 - p - (-799*9)/9. Suppose -8*x + i = -x. Calculate the highest common divisor of 38 and x.
38
Let p be 945/30*8/6. Suppose 0 = 4*r + 2*x - 52, -2*x - 32 = -5*r + p. Calculate the highest common factor of r and 266.
14
Suppose 0 = 100*a - 85*a + 106*a - 135520. What is the greatest common divisor of 120 and a?
40
Let r = 32958 + -32274. Calculate the highest common divisor of 180 and r.
36
Let n = 38325 - 19069. Calculate the highest common factor of 83 and n.
83
Let y = 7858 + -6060. What is the greatest common divisor of 62 and y?
62
Let i(d) = -8032*d + 6 + 6 + 8028*d. Let o be i(1). Let l = 2 - -2. Calculate the greatest common factor of l and o.
4
Suppose 9*a + 115 = 4*a. Let s = -19 - a. Let r = -44 - -46. What is the greatest common factor of s and r?
2
Suppose 9*h = -3289 - 185. Let y = 582 + h. Suppose 2*a = -2*j + 4*a + y, j = -5*a + 104. Calculate the greatest common divisor of j and 33.
33
Let h be ((-2690)/130 - -21)*26/4. Let q(k) = k**2 - k + 2. Let t be q(0). Calculate the greatest common divisor of h and t.
2
Let k = 5 + -14. Let i(p) = -p**2 - 7*p + 21. Let c be i(k). Suppose c*y = -0*y + 198. What is the greatest common divisor of 6 and y?
6
Let t(d) = 8*d**3 - 29*d**2 + 26*d - 12. Let q be t(6). Calculate the greatest common divisor of q and 46.
46
Let a be -2 - (-6)/(1 - -1). Let l be 4/(5 + 205/(-40)). Let z be 13 + (-36)/(l/(-8)). What is the greatest common divisor of a and z?
1
Let i = 2674 - 2646. Suppose 494 = 4*p + x - 3*x, 5*x = -p + 151. What is the highest common factor of i and p?
14
Suppose -h + 2693 = -4*y + 8*y, 5*h = y + 13402. Calculate the highest common divisor of 7 and h.
7
Let b be -8 + 12 + 0 + -3 + 1. Suppose 4*c = 4*y + 108, b*c - 5*c + 96 = 2*y. What is the greatest common divisor of 105 and c?
15
Let g = -49 - -14. Let r = g + 34. Let s = r + 16. Calculate the highest common factor of 45 and s.
15
Suppose -1 + 13 = 4*q. Let a(n) = n**3 + 19*n**2 + 17*n - 9. Let w be a(-18). Suppose 8*k = -k + w. What is the highest common diviso